{"id":61,"date":"2025-03-04T11:28:28","date_gmt":"2025-03-04T10:28:28","guid":{"rendered":"https:\/\/vistapaysage.fr\/?page_id=61"},"modified":"2025-03-11T10:55:06","modified_gmt":"2025-03-11T09:55:06","slug":"zone-dintervention-2","status":"publish","type":"page","link":"https:\/\/vistapaysage.fr\/?page_id=61","title":{"rendered":"Zone d&#8217;intervention &#8211; Paysagiste"},"content":{"rendered":"\n<p><\/p>\n\n\n\n<figure class=\"wp-block-image size-large\"><img loading=\"lazy\" decoding=\"async\" width=\"1600\" height=\"900\" src=\"https:\/\/vistapaysage.fr\/wp-content\/uploads\/2025\/03\/Twe-9-edited.png\" alt=\"Zone d\u2019intervention \u2013 Paysagiste en Corse-du-Sud | Vista Paysage\n\n\" class=\"wp-image-161\" srcset=\"https:\/\/vistapaysage.fr\/wp-content\/uploads\/2025\/03\/Twe-9-edited.png 1600w, https:\/\/vistapaysage.fr\/wp-content\/uploads\/2025\/03\/Twe-9-edited-300x169.png 300w, https:\/\/vistapaysage.fr\/wp-content\/uploads\/2025\/03\/Twe-9-edited-1024x576.png 1024w, https:\/\/vistapaysage.fr\/wp-content\/uploads\/2025\/03\/Twe-9-edited-768x432.png 768w, https:\/\/vistapaysage.fr\/wp-content\/uploads\/2025\/03\/Twe-9-edited-1536x864.png 1536w\" sizes=\"auto, (max-width: 706px) 89vw, (max-width: 767px) 82vw, 740px\" \/><figcaption class=\"wp-element-caption\">Baie d&#8217;Ajaccio et ses alentours<\/figcaption><\/figure>\n\n\n\n<p class=\"has-text-align-left\">\ud83d\udccdLa zone d&#8217;intervention de votre paysagiste est : Corse-du-Sud, principalement dans la <a href=\"https:\/\/www.google.com\/maps\/d\/u\/0\/edit?mid=18Op37tf9iIFHl2QI8MRO7jsq6fR6Qo4&amp;usp=sharing\">r\u00e9gion d\u2019Ajaccio<\/a> et ses environs. Que ce soit en milieu rural ou en zone urbaine, nous mettons en valeur vos ext\u00e9rieurs avec expertise. Nos services s\u2019adressent aussi bien aux <strong>r\u00e9sidences principales<\/strong> qu\u2019aux <strong>r\u00e9sidences secondaires<\/strong>, pour des am\u00e9nagements paysagers adapt\u00e9s \u00e0 vos besoins.<\/p>\n\n\n\n<div class=\"wp-block-columns is-layout-flex wp-container-core-columns-is-layout-9d6595d7 wp-block-columns-is-layout-flex\">\n<div class=\"wp-block-column is-layout-flow wp-block-column-is-layout-flow\" style=\"flex-basis:100%\">\n<iframe loading=\"lazy\" src=\"https:\/\/www.google.com\/maps\/d\/u\/0\/embed?mid=18Op37tf9iIFHl2QI8MRO7jsq6fR6Qo4&#038;ehbc=2E312F&#038;noprof=1\" width=\"640\" height=\"480\"><\/iframe>\n<\/div>\n<\/div>\n\n\n\n<p>Vous souhaitez en savoirs plus, demandez un devis ou mettre en \u0153uvre vos projets ? N&#8217;h\u00e9sitez pas \u00e0 remplir le formulaire de contact.<\/p>\n\n\n\n<div class=\"wp-block-buttons is-content-justification-center is-layout-flex wp-container-core-buttons-is-layout-16018d1d wp-block-buttons-is-layout-flex\">\n<div class=\"wp-block-button\"><a class=\"wp-block-button__link wp-element-button\" href=\"https:\/\/vistapaysage.fr\/?page_id=62\">Contactez  nous<\/a><\/div>\n<\/div>\n\n\n\n<div class=\"wp-block-group alignfull is-content-justification-center is-layout-flex wp-container-core-group-is-layout-fbf0f7ab wp-block-group-is-layout-flex\" style=\"margin-top:0;margin-bottom:0;padding-top:var(--wp--preset--spacing--50);padding-right:var(--wp--preset--spacing--30);padding-bottom:var(--wp--preset--spacing--50);padding-left:var(--wp--preset--spacing--30)\">\n<div class=\"wp-block-group wp-container-content-9cfa9a5a is-vertical is-content-justification-left is-layout-flex wp-container-core-group-is-layout-e497e2f9 wp-block-group-is-layout-flex\"><h1 class=\"wp-block-site-title has-medium-font-size\"><a href=\"https:\/\/vistapaysage.fr\" target=\"_self\" rel=\"home\">Vista Paysage<\/a><\/h1>\n\n\n<p class=\"has-text-align-left\">11 clos vista d&#8217;agosta<\/p>\n\n\n\n<p>20166 Pietrosella<\/p>\n\n\n\n<p class=\"has-text-align-left has-small-font-size\"><\/p>\n\n\n\n<div style=\"height:0px\" aria-hidden=\"true\" class=\"wp-block-spacer wp-container-content-541a6b20\"><\/div>\n<\/div>\n\n\n<div class=\"is-default-size wp-block-site-logo\"><a href=\"https:\/\/vistapaysage.fr\/\" class=\"custom-logo-link\" rel=\"home\"><img loading=\"lazy\" decoding=\"async\" width=\"250\" height=\"250\" src=\"https:\/\/vistapaysage.fr\/wp-content\/uploads\/2025\/03\/cropped-Post-Carrousel-Instagram-conseils-Yoga-bien-etre-minimaliste-et-moderne-blanc-et-noir-2.png\" class=\"custom-logo\" alt=\"Logo entreprise Vista paysage\" srcset=\"https:\/\/vistapaysage.fr\/wp-content\/uploads\/2025\/03\/cropped-Post-Carrousel-Instagram-conseils-Yoga-bien-etre-minimaliste-et-moderne-blanc-et-noir-2.png 250w, https:\/\/vistapaysage.fr\/wp-content\/uploads\/2025\/03\/cropped-Post-Carrousel-Instagram-conseils-Yoga-bien-etre-minimaliste-et-moderne-blanc-et-noir-2-150x150.png 150w, https:\/\/vistapaysage.fr\/wp-content\/uploads\/2025\/03\/cropped-Post-Carrousel-Instagram-conseils-Yoga-bien-etre-minimaliste-et-moderne-blanc-et-noir-2-100x100.png 100w\" sizes=\"auto, 100vw\" \/><\/a><\/div>\n\n\n<div class=\"wp-block-group is-content-justification-center is-layout-flex wp-container-core-group-is-layout-25a1eb9d wp-block-group-is-layout-flex\">\n<div class=\"wp-block-group is-vertical is-content-justification-right is-layout-flex wp-container-core-group-is-layout-b6c475e2 wp-block-group-is-layout-flex\">\n<p class=\"has-text-align-left\"><strong>Social<\/strong><\/p>\n\n\n\n<div class=\"wp-block-group is-vertical is-content-justification-right is-layout-flex wp-container-core-group-is-layout-bfa53120 wp-block-group-is-layout-flex\">\n<p><a href=\"https:\/\/www.instagram.com\/vistapaysage\/\">Instagram<\/a><\/p>\n\n\n\n<p><\/p>\n<\/div>\n\n\n\n<div style=\"height:0px\" aria-hidden=\"true\" class=\"wp-block-spacer wp-container-content-541a6b20\"><\/div>\n<\/div>\n<\/div>\n<\/div>\n\n\n\n<p><\/p>\n","protected":false},"excerpt":{"rendered":"<p>\ud83d\udccdLa zone d&#8217;intervention de votre paysagiste est : Corse-du-Sud, principalement dans la r\u00e9gion d\u2019Ajaccio et ses environs. Que ce soit en milieu rural ou en zone urbaine, nous mettons en valeur vos ext\u00e9rieurs avec expertise. Nos services s\u2019adressent aussi bien aux r\u00e9sidences principales qu\u2019aux r\u00e9sidences secondaires, pour des am\u00e9nagements paysagers adapt\u00e9s \u00e0 vos besoins. Vous &hellip; <\/p>\n<p class=\"link-more\"><a href=\"https:\/\/vistapaysage.fr\/?page_id=61\" class=\"more-link\">Continue reading<span class=\"screen-reader-text\"> &#8220;Zone d&#8217;intervention &#8211; Paysagiste&#8221;<\/span><\/a><\/p>\n","protected":false},"author":1,"featured_media":0,"parent":0,"menu_order":0,"comment_status":"closed","ping_status":"closed","template":"","meta":{"_monsterinsights_skip_tracking":false,"_monsterinsights_sitenote_active":false,"_monsterinsights_sitenote_note":"","_monsterinsights_sitenote_category":0,"footnotes":""},"class_list":["post-61","page","type-page","status-publish","hentry"],"aioseo_notices":[],"yoast_head":"<!-- This site is optimized with the Yoast SEO plugin v27.3 - https:\/\/yoast.com\/product\/yoast-seo-wordpress\/ -->\n<title>Zone d\u2019intervention<\/title>\n<meta name=\"description\" content=\"La zone d&#039;intervention de Vista paysage est : Corse-du-Sud, principalement dans la r\u00e9gion d\u2019Ajaccio et ses environs. (paysagiste)\" \/>\n<meta name=\"robots\" content=\"index, follow, max-snippet:-1, max-image-preview:large, max-video-preview:-1\" \/>\n<link rel=\"canonical\" href=\"https:\/\/vistapaysage.fr\/?page_id=61\" \/>\n<meta property=\"og:locale\" content=\"en_US\" \/>\n<meta property=\"og:type\" content=\"article\" \/>\n<meta property=\"og:title\" content=\"Zone d\u2019intervention\" \/>\n<meta property=\"og:description\" content=\"La zone d&#039;intervention de Vista paysage est : Corse-du-Sud, principalement dans la r\u00e9gion d\u2019Ajaccio et ses environs. (paysagiste)\" \/>\n<meta property=\"og:url\" content=\"https:\/\/vistapaysage.fr\/?page_id=61\" \/>\n<meta property=\"og:site_name\" content=\"Vista Paysage\" \/>\n<meta property=\"article:modified_time\" content=\"2025-03-11T09:55:06+00:00\" \/>\n<meta property=\"og:image\" content=\"https:\/\/vistapaysage.fr\/wp-content\/uploads\/2025\/03\/Twe-9-edited.png\" \/>\n<meta name=\"twitter:card\" content=\"summary_large_image\" \/>\n<meta name=\"twitter:label1\" content=\"Est. reading time\" \/>\n\t<meta name=\"twitter:data1\" content=\"1 minute\" \/>\n<script type=\"application\/ld+json\" class=\"yoast-schema-graph\">{\"@context\":\"https:\\\/\\\/schema.org\",\"@graph\":[{\"@type\":\"WebPage\",\"@id\":\"https:\\\/\\\/vistapaysage.fr\\\/?page_id=61\",\"url\":\"https:\\\/\\\/vistapaysage.fr\\\/?page_id=61\",\"name\":\"Zone d\u2019intervention\",\"isPartOf\":{\"@id\":\"https:\\\/\\\/vistapaysage.fr\\\/#website\"},\"primaryImageOfPage\":{\"@id\":\"https:\\\/\\\/vistapaysage.fr\\\/?page_id=61#primaryimage\"},\"image\":{\"@id\":\"https:\\\/\\\/vistapaysage.fr\\\/?page_id=61#primaryimage\"},\"thumbnailUrl\":\"https:\\\/\\\/vistapaysage.fr\\\/wp-content\\\/uploads\\\/2025\\\/03\\\/Twe-9-edited.png\",\"datePublished\":\"2025-03-04T10:28:28+00:00\",\"dateModified\":\"2025-03-11T09:55:06+00:00\",\"description\":\"La zone d'intervention de Vista paysage est : Corse-du-Sud, principalement dans la r\u00e9gion d\u2019Ajaccio et ses environs. (paysagiste)\",\"breadcrumb\":{\"@id\":\"https:\\\/\\\/vistapaysage.fr\\\/?page_id=61#breadcrumb\"},\"inLanguage\":\"en-US\",\"potentialAction\":[{\"@type\":\"ReadAction\",\"target\":[\"https:\\\/\\\/vistapaysage.fr\\\/?page_id=61\"]}]},{\"@type\":\"ImageObject\",\"inLanguage\":\"en-US\",\"@id\":\"https:\\\/\\\/vistapaysage.fr\\\/?page_id=61#primaryimage\",\"url\":\"https:\\\/\\\/vistapaysage.fr\\\/wp-content\\\/uploads\\\/2025\\\/03\\\/Twe-9-edited.png\",\"contentUrl\":\"https:\\\/\\\/vistapaysage.fr\\\/wp-content\\\/uploads\\\/2025\\\/03\\\/Twe-9-edited.png\",\"width\":1600,\"height\":900,\"caption\":\"Baie d'Ajaccio et ses alentours\"},{\"@type\":\"BreadcrumbList\",\"@id\":\"https:\\\/\\\/vistapaysage.fr\\\/?page_id=61#breadcrumb\",\"itemListElement\":[{\"@type\":\"ListItem\",\"position\":1,\"name\":\"Accueil\",\"item\":\"https:\\\/\\\/vistapaysage.fr\\\/\"},{\"@type\":\"ListItem\",\"position\":2,\"name\":\"Zone d&#8217;intervention &#8211; Paysagiste\"}]},{\"@type\":\"WebSite\",\"@id\":\"https:\\\/\\\/vistapaysage.fr\\\/#website\",\"url\":\"https:\\\/\\\/vistapaysage.fr\\\/\",\"name\":\"Vista Paysage\",\"description\":\"Votre &quot;Uni-Vert&quot; sur mesure.\",\"publisher\":{\"@id\":\"https:\\\/\\\/vistapaysage.fr\\\/#organization\"},\"potentialAction\":[{\"@type\":\"SearchAction\",\"target\":{\"@type\":\"EntryPoint\",\"urlTemplate\":\"https:\\\/\\\/vistapaysage.fr\\\/?s={search_term_string}\"},\"query-input\":{\"@type\":\"PropertyValueSpecification\",\"valueRequired\":true,\"valueName\":\"search_term_string\"}}],\"inLanguage\":\"en-US\"},{\"@type\":\"Organization\",\"@id\":\"https:\\\/\\\/vistapaysage.fr\\\/#organization\",\"name\":\"Vista paysage\",\"alternateName\":\"Vista paysage\",\"url\":\"https:\\\/\\\/vistapaysage.fr\\\/\",\"logo\":{\"@type\":\"ImageObject\",\"inLanguage\":\"en-US\",\"@id\":\"https:\\\/\\\/vistapaysage.fr\\\/#\\\/schema\\\/logo\\\/image\\\/\",\"url\":\"https:\\\/\\\/vistapaysage.fr\\\/wp-content\\\/uploads\\\/2025\\\/03\\\/cropped-Post-Carrousel-Instagram-conseils-Yoga-bien-etre-minimaliste-et-moderne-blanc-et-noir-2.png\",\"contentUrl\":\"https:\\\/\\\/vistapaysage.fr\\\/wp-content\\\/uploads\\\/2025\\\/03\\\/cropped-Post-Carrousel-Instagram-conseils-Yoga-bien-etre-minimaliste-et-moderne-blanc-et-noir-2.png\",\"width\":250,\"height\":250,\"caption\":\"Vista paysage\"},\"image\":{\"@id\":\"https:\\\/\\\/vistapaysage.fr\\\/#\\\/schema\\\/logo\\\/image\\\/\"}}]}<\/script>\n<!-- \/ Yoast SEO plugin. -->","yoast_head_json":{"title":"Zone d\u2019intervention","description":"La zone d'intervention de Vista paysage est : Corse-du-Sud, principalement dans la r\u00e9gion d\u2019Ajaccio et ses environs. (paysagiste)","robots":{"index":"index","follow":"follow","max-snippet":"max-snippet:-1","max-image-preview":"max-image-preview:large","max-video-preview":"max-video-preview:-1"},"canonical":"https:\/\/vistapaysage.fr\/?page_id=61","og_locale":"en_US","og_type":"article","og_title":"Zone d\u2019intervention","og_description":"La zone d'intervention de Vista paysage est : Corse-du-Sud, principalement dans la r\u00e9gion d\u2019Ajaccio et ses environs. (paysagiste)","og_url":"https:\/\/vistapaysage.fr\/?page_id=61","og_site_name":"Vista Paysage","article_modified_time":"2025-03-11T09:55:06+00:00","og_image":[{"url":"https:\/\/vistapaysage.fr\/wp-content\/uploads\/2025\/03\/Twe-9-edited.png","type":"","width":"","height":""}],"twitter_card":"summary_large_image","twitter_misc":{"Est. reading time":"1 minute"},"schema":{"@context":"https:\/\/schema.org","@graph":[{"@type":"WebPage","@id":"https:\/\/vistapaysage.fr\/?page_id=61","url":"https:\/\/vistapaysage.fr\/?page_id=61","name":"Zone d\u2019intervention","isPartOf":{"@id":"https:\/\/vistapaysage.fr\/#website"},"primaryImageOfPage":{"@id":"https:\/\/vistapaysage.fr\/?page_id=61#primaryimage"},"image":{"@id":"https:\/\/vistapaysage.fr\/?page_id=61#primaryimage"},"thumbnailUrl":"https:\/\/vistapaysage.fr\/wp-content\/uploads\/2025\/03\/Twe-9-edited.png","datePublished":"2025-03-04T10:28:28+00:00","dateModified":"2025-03-11T09:55:06+00:00","description":"La zone d'intervention de Vista paysage est : Corse-du-Sud, principalement dans la r\u00e9gion d\u2019Ajaccio et ses environs. (paysagiste)","breadcrumb":{"@id":"https:\/\/vistapaysage.fr\/?page_id=61#breadcrumb"},"inLanguage":"en-US","potentialAction":[{"@type":"ReadAction","target":["https:\/\/vistapaysage.fr\/?page_id=61"]}]},{"@type":"ImageObject","inLanguage":"en-US","@id":"https:\/\/vistapaysage.fr\/?page_id=61#primaryimage","url":"https:\/\/vistapaysage.fr\/wp-content\/uploads\/2025\/03\/Twe-9-edited.png","contentUrl":"https:\/\/vistapaysage.fr\/wp-content\/uploads\/2025\/03\/Twe-9-edited.png","width":1600,"height":900,"caption":"Baie d'Ajaccio et ses alentours"},{"@type":"BreadcrumbList","@id":"https:\/\/vistapaysage.fr\/?page_id=61#breadcrumb","itemListElement":[{"@type":"ListItem","position":1,"name":"Accueil","item":"https:\/\/vistapaysage.fr\/"},{"@type":"ListItem","position":2,"name":"Zone d&#8217;intervention &#8211; Paysagiste"}]},{"@type":"WebSite","@id":"https:\/\/vistapaysage.fr\/#website","url":"https:\/\/vistapaysage.fr\/","name":"Vista Paysage","description":"Votre &quot;Uni-Vert&quot; sur mesure.","publisher":{"@id":"https:\/\/vistapaysage.fr\/#organization"},"potentialAction":[{"@type":"SearchAction","target":{"@type":"EntryPoint","urlTemplate":"https:\/\/vistapaysage.fr\/?s={search_term_string}"},"query-input":{"@type":"PropertyValueSpecification","valueRequired":true,"valueName":"search_term_string"}}],"inLanguage":"en-US"},{"@type":"Organization","@id":"https:\/\/vistapaysage.fr\/#organization","name":"Vista paysage","alternateName":"Vista paysage","url":"https:\/\/vistapaysage.fr\/","logo":{"@type":"ImageObject","inLanguage":"en-US","@id":"https:\/\/vistapaysage.fr\/#\/schema\/logo\/image\/","url":"https:\/\/vistapaysage.fr\/wp-content\/uploads\/2025\/03\/cropped-Post-Carrousel-Instagram-conseils-Yoga-bien-etre-minimaliste-et-moderne-blanc-et-noir-2.png","contentUrl":"https:\/\/vistapaysage.fr\/wp-content\/uploads\/2025\/03\/cropped-Post-Carrousel-Instagram-conseils-Yoga-bien-etre-minimaliste-et-moderne-blanc-et-noir-2.png","width":250,"height":250,"caption":"Vista paysage"},"image":{"@id":"https:\/\/vistapaysage.fr\/#\/schema\/logo\/image\/"}}]}},"_links":{"self":[{"href":"https:\/\/vistapaysage.fr\/index.php?rest_route=\/wp\/v2\/pages\/61","targetHints":{"allow":["GET"]}}],"collection":[{"href":"https:\/\/vistapaysage.fr\/index.php?rest_route=\/wp\/v2\/pages"}],"about":[{"href":"https:\/\/vistapaysage.fr\/index.php?rest_route=\/wp\/v2\/types\/page"}],"author":[{"embeddable":true,"href":"https:\/\/vistapaysage.fr\/index.php?rest_route=\/wp\/v2\/users\/1"}],"replies":[{"embeddable":true,"href":"https:\/\/vistapaysage.fr\/index.php?rest_route=%2Fwp%2Fv2%2Fcomments&post=61"}],"version-history":[{"count":12,"href":"https:\/\/vistapaysage.fr\/index.php?rest_route=\/wp\/v2\/pages\/61\/revisions"}],"predecessor-version":[{"id":223,"href":"https:\/\/vistapaysage.fr\/index.php?rest_route=\/wp\/v2\/pages\/61\/revisions\/223"}],"wp:attachment":[{"href":"https:\/\/vistapaysage.fr\/index.php?rest_route=%2Fwp%2Fv2%2Fmedia&parent=61"}],"curies":[{"name":"wp","href":"https:\/\/api.w.org\/{rel}","templated":true}]}}